t is the remainder when 22 is divided by s?
4
Suppose -3*l - d = -5*l + 2, 6 = 3*d. Suppose -4*x + o + 0*o = -55, 3*o = -l*x + 17. Suppose 63 + 93 = x*p. Calculate the remainder when 17 is divided by p.
5
Suppose 105 = 3*u + 2*u. Suppose -g = 33 - 8. Let q = g + 97. What is the remainder when q is divided by u?
9
What is the remainder when 249 is divided by (3456/(-270))/(6/(-15))?
25
Suppose -21*x = -10*x + 18*x. Suppose -2*n = -x*n + 10, -3*f + 4*n = -269. What is the remainder when f is divided by 5?
3
Suppose -1324 = 22*x - 26*x + o, 1332 = 4*x - 3*o. Suppose -x = -2*w + u + 26, 5*u = 0. Calculate the remainder when w is divided by 89.
0
Let z(q) = -q**3 + 15 + 4738*q - 4715*q + 6*q**2 + 16*q**2. Let w(d) = -d**2 + 11*d - 5. Let h be w(4). What is the remainder when 72 is divided by z(h)?
12
Let g(j) = 2*j + 35. Let d be g(-16). Suppose 29 = d*x - 5*h - 15, 3*h - 24 = -x. What is the remainder when 40 is divided by x?
4
Let n = 299 - 289. Suppose -n*s = 8*s - 1656. Calculate the remainder when 458 is divided by s.
90
Let d = 3595 - 3555. What is the remainder when 182 is divided by d?
22
Suppose 0 = 4*h - 6*h. Let g(q) = -q**2 + 36*q - 11. What is the remainder when g(31) is divided by 7/(2 - (1 - h))?
4
Let g be (((-135)/10)/(-9))/((-3)/(-358)). Let t = g - 124. What is the remainder when t is divided by 30?
25
Let a(l) = l**3 - l**2 - 3*l + 4. Let d = -14 + 26. Suppose -d = -w + 3*h, w - 5*h = -1 + 5. What is the remainder when w is divided by a(3)?
11
Let z(k) = -28*k - 627. Let r(f) = -f**3 - 9*f**2 + 5*f - 5. What is the remainder when z(-32) is divided by r(-10)?
44
Let f = -3403 + 3440. Calculate the remainder when 106 is divided by f.
32
Let o be -7 + 67 + -10 + 8/(-2). Suppose -4*c - o = -90. Calculate the remainder when 98 is divided by c.
10
Let v = 12037 + -11506. Calculate the remainder when 1062 is divided by v.
0
Suppose -5*c - 43 = -2*g, 5*g - 2*g - 75 = -3*c. Suppose 0*q = 2*q + g. What is the remainder when 74 is divided by (4/q)/(1/(-114))?
36
Suppose -5*q + 3*b + 238 + 164 = 0, 5*b = -3*q + 214. Suppose -2*y + 7 = -1, -3*i = -y - 89. What is the remainder when q is divided by i?
16
Let m = -98 + 124. Suppose 5*v = x - 2*x + 4, -2*x + m = v. Calculate the remainder when 111 is divided by x.
13
Suppose 14*m = 15*m - 3. Suppose -5*o = 2*j + 19, 4*j = -5*o - 34 + 1. Let k(u) = u + 10. What is the remainder when m is divided by k(j)?
0
Let x = -32 - -34. Suppose x*w - 93 = -3*j, 2*w + 3*w - 270 = 5*j. What is the remainder when w is divided by 28?
23
Suppose -10*v = -5*v - 3*z - 546, 126 = v + 5*z. What is the remainder when v is divided by 3?
0
Let r = -489 + 526. Suppose 27 = k - 4*g, 2*k + 5*g - 7 = 21. What is the remainder when r is divided by k?
18
Let g(d) = 9*d**2 - d. Let q(f) = 3342*f**2 - 46*f - f**3 + 32*f + 26 - 3348*f**2. What is the remainder when q(-5) is divided by g(1)?
7
Let n(f) = 2*f - 2. Let g be n(14). Suppose -5*j = -g + 1. Suppose -3*z + 3*r + 11 = r, j*r - 25 = -3*z. Calculate the remainder when 16 is divided by z.
1
Let s(y) = 46*y + 1. Let o(j) = 15*j - 78. Calculate the remainder when o(11) is divided by s(1).
40
Let q(m) = -206*m + 17374. Calculate the remainder when 6367 is divided by q(84).
67
Suppose 3*l = -5*r + 187, 135*l = 130*l - 5. What is the remainder when 3334 is divided by r?
28
Suppose -d - 359 = -3*q, -4*q + 2*d - d + 478 = 0. Suppose 0*y - 76 = -4*y. Let a(u) = -3*u + 77. Calculate the remainder when q is divided by a(y).
19
Let k be 10/(-8)*(2 - 6). Let z(w) = -w + 4. Let p be z(2). Suppose -k*x + 135 = -p*x. What is the remainder when x is divided by 12?
9
Let o(u) = 101*u + 52. Calculate the remainder when o(1) is divided by 56.
41
Suppose 0 = 49*o - 44*o + 240. Let x = 62 + o. Let a = 33 - x. What is the remainder when 54 is divided by a?
16
Let r(a) = 31*a - 3. Let n be r(3). Suppose n = 7*z - 15. What is the remainder when 25 is divided by (2*z/(-25))/((-4)/30)?
7
Let q(m) = 6*m + 134 - 10*m - 3*m - 9*m + 8. Calculate the remainder when 180 is divided by q(5).
56
Suppose 8*w - 630 = -97*w. Let u be (-3 + 1)/((-4)/6). Suppose -2 - u = 5*i, 4*a - 32 = -4*i. Calculate the remainder when a is divided by w.
3
Let h = -23 - -54. Suppose -8*g + h = -5*g + o, 4*g - 43 = -3*o. What is the remainder when 67 is divided by g?
7
Suppose -r - 102 = -2*k, -57*r + 204 = 4*k - 52*r. Calculate the remainder when 77 is divided by k.
26
Let a(y) = 5*y**2 - 337*y - 12. What is the remainder when a(68) is divided by 40?
32
Suppose 4*v - 6825 = -2*c - 1381, 5444 = 4*v + 4*c. Calculate the remainder when v is divided by 72.
65
Let l = -2679 - -3756. Calculate the remainder when l is divided by 13.
11
Calculate the remainder when 2162 is divided by ((-2276)/6828)/(2/3228*-1).
10
Let u = 8645 - 8484. Calculate the remainder when 6275 is divided by u.
157
Suppose -4*w - 35 = -5*o - 30, -2*w + 4*o - 4 = 0. Suppose -45*i + 12*i + 1749 = w. Suppose -3*h = -h - 310. Calculate the remainder when h is divided by i.
49
What is the remainder when 642 + (-24 - (11 + -59)) is divided by 47?
8
Let h(l) = 13*l**2 - 320*l - 1957. Calculate the remainder when h(-6) is divided by 31.
28
Suppose 74*g + 18 = 83*g. Calculate the remainder when (g/(-3))/((-3820)/636 + 6) is divided by 18.
16
Let d = -247 + 269. Let c(u) = -u**3 + 24*u**2 - 36*u + 76. Calculate the remainder when c(d) is divided by 61.
8
Let o = 220 - 220. Suppose -5*i + 18*i - 364 = o. Let b(a) = 3*a**2 + 5*a + 4. What is the remainder when b(-5) is divided by i?
26
Suppose -5*o + 0*o = -1940. Let u = -1104 - -1119. Calculate the remainder when o is divided by u.
13
Let f = -187430 - -187979. Suppose 4*d - 3*v - 111 = 0, v - 2*v = -d + 29. What is the remainder when f is divided by d?
21
Let q(b) = -b**3 - 11*b**2 - 28*b - 25. Let i(l) = -2*l**2 - 47*l - 31. Let s be i(-23). Calculate the remainder when 114 is divided by q(s).
2
Suppose -5*w + 3*d = -744, 228*d - 225*d = 2*w - 303. What is the remainder when w is divided by 43?
18
Let a(y) = 35*y**3 - 7*y**2 + 15*y - 6. What is the remainder when 68 is divided by a(1)?
31
Let z = 3476 + -3103. Calculate the remainder when z is divided by 141.
91
Let y be (-5)/5 + -5 + -1*4. Let n be 1/(((-3)/y)/(30/25)). Suppose 4*a - 8 = 0, -n*a = -4*d + 2*d + 30. Calculate the remainder when d is divided by 4.
3
Let w be (-2)/1*(0 - (3 - -5)). Suppose w = 3*h + 4. What is the remainder when h is divided by (2 - 3)/((-5)/10)?
0
Suppose 35*n = 13159 - 4164. What is the remainder when n is divided by 40?
17
Let b = 48 + -34. Suppose 68*c + 23*c = -7*c + 9996. Calculate the remainder when c is divided by b.
4
Let p(t) be the second derivative of -14*t + 1/2*t**2 - 1/12*t**4 + 0 + 13/6*t**3. What is the remainder when 23 is divided by p(12)?
10
Let u = 4928 + -4864. What is the remainder when 143 is divided by u?
15
Suppose -4*d + 5*d + 26 = 0. Let k = d + 38. Suppose 10*g - k*g + 16 = 0. Calculate the remainder when 14 is divided by g.
6
Let s(u) = -u**2 + 16*u + 9. Let v(x) = 240*x**2 + 3*x. Let r = 161 - 162. What is the remainder when v(r) is divided by s(13)?
45
Let x(y) = -y**3 + 12*y**2 + 14. Suppose 0 = -t + 2*t - 14. Let h be 2/(t/83) + (-10)/(-70). What is the remainder when x(h) is divided by 8?
6
Let g(s) = -13*s - 167. Let y = 792 + -807. What is the remainder when 165 is divided by g(y)?
25
Let f(d) = d**2 + 80*d + 21. Calculate the remainder when f(-82) is divided by 38.
33
Let y(v) = 62*v + 539. What is the remainder when 310 is divided by y(-7)?
100
Calculate the remainder when (11 - 1) + 486 + 190/19 is divided by 103.
94
Suppose 29*f = 26*f + 18. Suppose f*s - 1365 = -45. What is the remainder when s is divided by 74?
72
Suppose 2*a - 4*n - 1476 = -328, -5*a - 4*n = -2814. Suppose 0 = 11*t - a - 710. Calculate the remainder when t is divided by 40.
36
Let v(s) = -5*s - 3. Suppose 0 = -2*q + 64 - 24. What is the remainder when v(-4) is divided by (-2 - 4/(-5))*(q + -25)?
5
Suppose -10 = 6*j - 11*j. Calculate the remainder when 26 is divided by (-713)/(-115) + j/(-10).
2
Suppose 4*j - s = 3268, 8*j = -24*s + 20*s + 6512. What is the remainder when 2460 is divided by j?
12
Let k(u) = -459*u + 9. Let t be k(12). Calculate the remainder when t/(-36) + (3 - (-45)/(-12)) is divided by 39.
35
Let v(w) = 102